{"id":69,"date":"2022-09-23T19:10:41","date_gmt":"2022-09-23T16:10:41","guid":{"rendered":"http:\/\/86.122.192.88\/?page_id=69"},"modified":"2025-02-12T13:44:11","modified_gmt":"2025-02-12T11:44:11","slug":"specializari-si-calificari","status":"publish","type":"page","link":"https:\/\/www.birsesti.ro\/wordpress\/?page_id=69","title":{"rendered":"Specializari si calificari"},"content":{"rendered":"<p><strong>SITUATIA SPECIALIZARILOR\u00a0 AN SCOLAR 2024-2025<\/strong><\/p>\n<p><strong>\u00a0<\/strong><strong>ZI:<\/strong><\/p>\n<p>a-IX-a\u00a0 \u2013 1 clasa<\/p>\n<p><strong>Profil:<\/strong>Resurse Naturale si protectia mediului<\/p>\n<p><strong>Domeniul de pregatire de baza:<\/strong>Agricultura<\/p>\n<p>a-X-a \u2013 1 clasa<\/p>\n<p><strong>Profil:<\/strong> Resurse Naturale si protectia mediului<\/p>\n<p><strong>Domeniul de pregatiregenerala:<\/strong>Agricultura<\/p>\n<p>a-XI-a \u2013 1 clasa<\/p>\n<p><strong>Profil:<\/strong>Resurse Naturale si protectia mediului<\/p>\n<p><strong>Specializarea:0,5 &#8211;<\/strong>Tehnician analize produse alimentare<\/p>\n<p>0,5-Tehnician ecolog si protectia calitatii mediului<\/p>\n<p>a-XII-a \u2013 1 clasa<\/p>\n<p><strong>Profil:<\/strong>Resurse Naturale si protectia mediului<\/p>\n<p><strong>Specializarea:<\/strong>Tehnician analize produse alimentare<\/p>\n<p><strong>SERAL<\/strong>:<\/p>\n<p>a-IX-B<\/p>\n<p><strong>Profil:<\/strong>Servicii<\/p>\n<p><strong>\u00a0Domeniul de pregatire de baza :<\/strong>Economic<\/p>\n<p>a-X-B<\/p>\n<p><strong>Profil:<\/strong>Resurse Naturale si protectia mediului<\/p>\n<p><strong>Domeniul de pregatiregenerala:<\/strong>Agricultura<\/p>\n<p>a-XI-B<\/p>\n<p><strong>Semestrul I- Profil:<\/strong>Resurse Naturale si protectia mediului<\/p>\n<p><strong>Domeniul de pregatiregenerala:<\/strong>Protectia mediului<\/p>\n<p>a-XI-a B<\/p>\n<p><strong>Semestrul II Profil:<\/strong>Resurse Naturale si protectia mediului<\/p>\n<p><strong>Specializare:<\/strong>Tehnician ecolog si protectia calitatii mediului<\/p>\n<p>a-XI-F<\/p>\n<p><strong>Semestrul II Profil:<\/strong>ResurseNaturale si protectia mediului<\/p>\n<p><strong>Specializare:<\/strong>Tehnician agromontan<\/p>\n<p>a-XI-E<\/p>\n<p><strong>Semestrul II Profil:<\/strong>ResurseNaturale si protectia mediului<\/p>\n<p><strong>Specializare:<\/strong>Tehnician veterinar<\/p>\n<p>a-XII-B<\/p>\n<p><strong>Profil:<\/strong>Resurse Naturale si protectia mediului<\/p>\n<p><strong>Specializare:<\/strong>Tehnician agromontan<\/p>\n<p>a-XII-a F<\/p>\n<p><strong>Profil:<\/strong>Resurse Naturale si protectia mediului<\/p>\n<p><strong>Specializare:<\/strong>Tehnician agromontan<\/p>\n<p>a-XII-a E<\/p>\n<p><strong>Profil:<\/strong>Resurse Naturale si protectia mediului<\/p>\n<p><strong>Specializare:<\/strong>Tehnician agromontan<\/p>\n<p>a-XII-a G<\/p>\n<p><strong>Profil:<\/strong>Resurse Naturale si protectia mediului<\/p>\n<p><strong>Specializare:<\/strong>Tehnician in agricultura<\/p>\n<p>a-XIII-B<\/p>\n<p><strong>Profil:<\/strong> Resurse Naturale si protectia mediului<\/p>\n<p><strong>Specializare:<\/strong>Tehnician agromontan<\/p>\n<p>a-XIII-F:<\/p>\n<p><strong>Profil:<\/strong>Servicii<\/p>\n<p><strong>Specializare:<\/strong>Tehnician \u00een activit\u0103\u021bi economice<\/p>\n<p><strong>PROFESIONAL<\/strong><\/p>\n<p>a-IX-a C: Domeniul de preg\u0103tire de baz\u0103: Mecanic\u0103<\/p>\n<p>Domeniul de preg\u0103tire profesional\u0103 general\u0103: Mecanic\u0103 de motoare<\/p>\n<p>Calificarea profesionala: Mecanic auto<\/p>\n<p>a-X-aC:Domeniul de preg\u0103tire profesional\u0103 general\u0103: Mecanic\u0103 de motoare<\/p>\n<p>Specializarea: Mecanic auto<\/p>\n<p>a-XI-a C:\u00a0 Domeniul de preg\u0103tire profesional\u0103:Mecanic\u0103<\/p>\n<p>Calificarea:Mecanic auto<\/p>\n<p>a-XI-a C:\u00a0 Domeniul de preg\u0103tire de baz\u0103:Comert<\/p>\n<p>Specializarea\u2013Comerciant vanzator<\/p>\n<p><strong>\u00a0<\/strong><strong>FRECVEN\u021a\u0102 REDUSA<\/strong><\/p>\n<p><strong>Filiera:<\/strong>Teoretica<\/p>\n<p><strong>Profil:<\/strong> Real<\/p>\n<p><strong>Specializarea:<\/strong>Stiinte ale naturii<\/p>\n<p>aIX-a D<\/p>\n<p>a XI-a<\/p>\n<p>a\u00a0 XII-a D<\/p>\n<p>a\u00a0 XIII-aD<\/p>\n<p><strong>POSTLICEAL\u0102<\/strong>:<\/p>\n<p>Anul I A,B\u2013<strong>Domeniul:<\/strong>Agricultur\u0103<\/p>\n<p><strong>Specializarea:<\/strong>Tehnician \u00een protec\u021bia plantelor<\/p>\n<p>Anul II A\u2013<strong>Domeniul:<\/strong>Agricultur\u0103<\/p>\n<p><strong>Specializarea:<\/strong>Tehnician \u00een protec\u021bia plantelor<\/p>\n","protected":false},"excerpt":{"rendered":"<p>SITUATIA SPECIALIZARILOR\u00a0 AN SCOLAR 2024-2025 \u00a0ZI: a-IX-a\u00a0 \u2013 1 clasa Profil:Resurse Naturale si protectia mediului Domeniul de pregatire de baza:Agricultura a-X-a \u2013 1 clasa Profil: Resurse Naturale si protectia mediului Domeniul de pregatiregenerala:Agricultura a-XI-a \u2013 1 clasa Profil:Resurse Naturale si &hellip; <a href=\"https:\/\/www.birsesti.ro\/wordpress\/?page_id=69\">Continu\u0103 s\u0103 cite\u0219ti <span class=\"meta-nav\">&rarr;<\/span><\/a><\/p>\n","protected":false},"author":1,"featured_media":0,"parent":0,"menu_order":0,"comment_status":"closed","ping_status":"closed","template":"","meta":[],"_links":{"self":[{"href":"https:\/\/www.birsesti.ro\/wordpress\/index.php?rest_route=\/wp\/v2\/pages\/69"}],"collection":[{"href":"https:\/\/www.birsesti.ro\/wordpress\/index.php?rest_route=\/wp\/v2\/pages"}],"about":[{"href":"https:\/\/www.birsesti.ro\/wordpress\/index.php?rest_route=\/wp\/v2\/types\/page"}],"author":[{"embeddable":true,"href":"https:\/\/www.birsesti.ro\/wordpress\/index.php?rest_route=\/wp\/v2\/users\/1"}],"replies":[{"embeddable":true,"href":"https:\/\/www.birsesti.ro\/wordpress\/index.php?rest_route=%2Fwp%2Fv2%2Fcomments&post=69"}],"version-history":[{"count":33,"href":"https:\/\/www.birsesti.ro\/wordpress\/index.php?rest_route=\/wp\/v2\/pages\/69\/revisions"}],"predecessor-version":[{"id":1978,"href":"https:\/\/www.birsesti.ro\/wordpress\/index.php?rest_route=\/wp\/v2\/pages\/69\/revisions\/1978"}],"wp:attachment":[{"href":"https:\/\/www.birsesti.ro\/wordpress\/index.php?rest_route=%2Fwp%2Fv2%2Fmedia&parent=69"}],"curies":[{"name":"wp","href":"https:\/\/api.w.org\/{rel}","templated":true}]}}